 = -55*p + 50. Let f(u) = -l(u) - 2*m(u). What are the prime factors of f(15)?
719
Let z be (-28)/(-12) + -3 - (-154)/6. Let b = -13 + z. List the prime factors of b.
2, 3
Let z = -96 + 131. Let v be (-4)/(-14) + (-1)/(z/10). Suppose 2*i + g - 90 - 308 = v, -998 = -5*i - 4*g. List the prime factors of i.
2, 3, 11
List the prime factors of (-8 - 176/(-40)*2)/(2/28995).
2, 3, 1933
Let l(y) = y**3 - 5*y**2 - 2*y - 20. Let f be l(6). Suppose -x - f*x = 125. Let a = 42 + x. What are the prime factors of a?
17
Suppose 2*o - 3*v + 345 = 0, o + 3*v + 101 + 94 = 0. List the prime factors of 4/(4/7) - o.
11, 17
Let u(v) = v - 1. Let b(a) = -a**2 - 2*a + 167. Let c(t) = -b(t) - 2*u(t). List the prime factors of c(29).
2, 13
Let q(z) = 5531*z - 13165. List the prime factors of q(6).
20021
Suppose -3*q = -13*b + 12*b - 11, -15 = -3*q + 3*b. Suppose 2423 = -17*a + 21*a + v, q*a = -v + 1817. List the prime factors of a.
2, 3, 101
Suppose -64 = 6*q - 82. List the prime factors of (-160)/(q - 8) - -2.
2, 17
Suppose -12*i - 3*m = -7*i - 86, 3*i + 4*m = 45. Suppose -17*q - i = -4966. List the prime factors of q.
3, 97
Let w(f) = 26*f**2 - 56*f - 341. What are the prime factors of w(-20)?
7, 1597
Suppose 3*t - 30 = 12. Suppose -7 - t = -3*n. Suppose -90 = n*c - 573. What are the prime factors of c?
3, 23
Let h(m) = 0*m**2 - 5*m + 5*m**2 - 5 - m**3 + 8. Let j be h(4). List the prime factors of 33 - j/(1/3).
2, 3
Suppose c - 4*a = 20, a + 8 = c - 0*a. Suppose -c*f + 134 = -126. Let m = f + -39. List the prime factors of m.
2, 13
What are the prime factors of 41912/40 - (-7 - (-136)/20)?
2, 131
Suppose 0 = 4*b - 20, 870*v - 2*b = 875*v - 8155. What are the prime factors of v?
3, 181
Let f(a) = -11*a**3 + a**2 + 2*a - 3. Let w = -17 + -24. Let c = w + 39. List the prime factors of f(c).
5, 17
Let b(x) = 3*x**2 - 116*x + 78. Let s be b(38). Let d be ((-6)/3 + 102)/1. Suppose -d - 238 = -s*w. What are the prime factors of w?
13
What are the prime factors of (-38)/(((16/(-78))/(-2))/((-8670)/765))?
13, 17, 19
Let l = -11367 + 12815. List the prime factors of l.
2, 181
Suppose -4*m = m - i - 6323, -5*m - i = -6327. Suppose -14*v + m = -3*v. What are the prime factors of v?
5, 23
Let m = -36 + 134. Let c = 248 + m. What are the prime factors of c?
2, 173
Suppose 7*b = b + 2940. Suppose 0 = 3*d - d - 2*u - 192, b = 5*d + 5*u. List the prime factors of d.
97
Let w(i) = 0*i + 241*i**2 - 25*i**2 + 40 - 22*i. List the prime factors of w(2).
2, 5, 43
Suppose -4*w = -0*w - 1220. Let c = -105 + w. List the prime factors of c.
2, 5
Let a = 236 + -1478. List the prime factors of a/(-7)*(-14)/(-3).
2, 3, 23
Suppose -5*h + 162 = -d, -2*h - 329 = 2*d + 43. Let y = -176 - d. List the prime factors of y.
2, 3
Let d = -226 - -388. Suppose 15732 = -d*b + 174*b. What are the prime factors of b?
3, 19, 23
Let z = 101 - 51. List the prime factors of (4 + (-20)/8)*z.
3, 5
List the prime factors of 8256/(-172)*6276/(-16).
2, 3, 523
Let n(j) = 202*j + 29. Let g be (-136)/(-204)*(-1)/(4/(-30)). What are the prime factors of n(g)?
1039
Let f(c) = -c**2 + 21*c - 20. Let b be f(20). Suppose b = 6*n - 3*n + 6. List the prime factors of ((-1)/2)/(n/188).
47
Suppose -79 = -3*k - 61, 2*i + k = 15192. List the prime factors of i.
3, 2531
Let i(u) = 3 + 5*u + 13*u + 10. Let c be ((-8)/(-16))/(2/24). List the prime factors of i(c).
11
Let l(w) = w**3 - 9*w**2 - 6*w + 5. Let c be l(9). Let m = 418 + c. List the prime factors of m.
3, 41
Suppose 3*k - 568 - 414 = 2*h, -2*h = k - 338. List the prime factors of k/22*(-20)/(-2).
2, 3, 5
Let b = -937 - -16824. What are the prime factors of b?
15887
Let n(o) = -20*o - 40. Let j be n(-12). Suppose 0*w - 2*w - 430 = -4*v, -4*w - j = -2*v. Suppose 0 = 10*x - 5*x - v. List the prime factors of x.
2, 11
Let h(v) = 3*v**3 - 4*v**3 - 4*v - 2*v + 70 - v**2 + 2*v. What are the prime factors of h(0)?
2, 5, 7
Suppose -35630 = -2*s - 3*j, 4*s - 24*j = -20*j + 71280. What are the prime factors of s?
2, 59, 151
Let p(r) = 3*r + 6. Let o be p(-2). Suppose o*m + 6 = 2*m. Suppose -m*i + 15 = 0, -27 = 2*n - 3*n - i. List the prime factors of n.
2, 11
Let l be 12/24 - 25/(-2). Let j = l - 10. Suppose -3*u + 3*s + 371 = 125, -j*u - s = -254. List the prime factors of u.
2, 3, 7
Suppose 1819400 = 1243*u - 1199*u. What are the prime factors of u?
2, 5, 827
Let j(y) = y**2 - 116*y + 44. What are the prime factors of j(-76)?
2, 3659
Suppose -4*s + 39 = -5*z - 85, 5*s + 4*z = 196. Suppose -s*x - 369 = -45*x. List the prime factors of x.
41
Let q(j) = -j**3 + 27*j + 4. Let x be q(-5). List the prime factors of 801 + ((-42)/35)/(x/(-15)).
2, 3, 7, 19
Let t(y) = 14*y - 53. Let f be t(4). Suppose -f*h = -3*a - 1245, 2*a + 1039 = 3*h - 203. List the prime factors of h.
2, 103
Let q = 626 + -626. Suppose q = 28*s - 2842 - 6902. What are the prime factors of s?
2, 3, 29
Let m = 393 + -953. Let d be (-2)/9 - m/90. Let x(k) = 31*k - 23. List the prime factors of x(d).
163
Suppose -n + 20*i - 21*i = -3525, 2*n - 4*i - 7062 = 0. List the prime factors of n.
3527
Let o(y) = 1380*y + 1586. What are the prime factors of o(32)?
2, 89, 257
Let q(p) = -p**3 + 11*p**2 - 5. Let y be q(10). Suppose -5*v - y = -335. Let k = 53 - v. What are the prime factors of k?
5
Let q be 1/((18/1395)/((-84)/(-5))). List the prime factors of (30/9)/(28/q).
5, 31
Let l be (18/(-30))/(6/(-20)). Suppose -20 + 10 = l*w. List the prime factors of (-282)/w + 30/(-75).
2, 7
Suppose 5*f + 21*h - 33175 = 16*h, -4*h - 26532 = -4*f. What are the prime factors of f?
2, 31, 107
Let h = 74 + -67. Suppose -h*x + 1178 = -782. Suppose x = 40*q - 38*q. List the prime factors of q.
2, 5, 7
Suppose 8*m - 4*m = -108. Let r = 15 + m. List the prime factors of 45*(1 + 8 + r/3).
3, 5
Let h(d) = -57*d + 14. Let z be -18*(1 - 6 - (-33)/6). List the prime factors of h(z).
17, 31
Let i(g) = 264*g - 377. List the prime factors of i(62).
15991
Suppose -3*n + m + 4*m + 6778 = 0, -4*m = 4*n - 8984. List the prime factors of 2/8 - n*(-2)/8.
563
Let q(l) = -5*l**3 + 0*l - l + 3 + 4*l**3 - 4 + l**2. Let a be q(-2). List the prime factors of 1 + 0 + -2 + 0 + a.
2, 3
Let w be 2/(9/((-45)/20) - -3). Let i(k) = 103*k**2 - 7*k - 13. List the prime factors of i(w).
7, 59
Let l(h) = 3427*h + 455. List the prime factors of l(6).
21017
Suppose 0 = 2*m - 3*a - 2, m + 3*a + 13 = -4. Let y(l) = 3*l + 7. Let g be y(m). What are the prime factors of (-140)/g - 3/6?
17
Suppose 0 = -3*d + 4*f + 10, -2*d + 4*f + f = -9. Suppose 3*k + 1 = -d*p - 259, 0 = -3*p + 2*k - 416. Let u = -121 - p. List the prime factors of u.
3, 5
Let x = -17009 + 25500. List the prime factors of x.
7, 1213
List the prime factors of (((-231836)/3)/2)/(45/(-2160)*32).
11, 479
Let p(z) = -54*z**3 + 5*z**2 + 5*z + 9. List the prime factors of p(-3).
3, 499
List the prime factors of 1/((-1)/62704)*(-35 + 56 - 22).
2, 3919
Suppose -10*m - 51 = -71. Suppose -c - 1158 = -m*j, -1586 - 1309 = -5*j - 5*c. What are the prime factors of j?
3, 193
Let i = 309 - 301. Suppose 4*d - 1216 = -2*q + i*d, 5*d = 2*q - 1219. List the prime factors of q.
2, 7, 43
Let k = 394 - 391. Suppose -17*j - 5*m - 1299 = -19*j, k*j = 4*m + 1945. List the prime factors of j.
647
Suppose -5*m + 4*m - 5*t + 13626 = 0, 5*t + 13596 = m. What are the prime factors of m?
3, 13, 349
Let l be ((-252)/27)/(1/3). Let j = -28 - l. Suppose j*d - 4*s - 410 = -3*d, -3*s - 135 = -d. What are the prime factors of d?
2, 3, 23
Suppose 31*c - 8395 = 34323. What are the prime factors of c?
2, 13, 53
Suppose 6*y - 11 = 37. Let p(v) = -42*v - 108. Let i(s) = -14*s - 36. Let k(o) = y*i(o) - 3*p(o). What are the prime factors of k(15)?
2, 3, 41
Let d be ((-12)/(-14))/2 + (-6)/14. Suppose 19*r - 15*r + 8 = d. List the prime factors of (-88)/(-2*(-1)/r) - -2.
2, 3, 5
Suppose -3270*g + 3242*g + 648284 = 0. List the prime factors of g.
13, 137
Let w(n) = 4*n**2 - 2*n - 340. Let v be w(0). Let l = 481 + v. List the prime factors of l.
3, 47
Let i(d) = 101*d**2 + 179*d - 1528. List the prime factors of i(9).
2, 1033
What are the prime factors of (5785 - 1 - -2)/(222/9 + -24)?
3, 11, 263
Suppose -27101 - 21589 = -15*u. List the prime factors of u.
2, 3, 541
Let b(u) = 2*u**2 + 37*u + 44. Let p = -429 + 445. What are the prime factors of b(p)?
2, 7, 41
Suppo